se -4*w - 171 + 15 = 0. Let b = -37 - w. What is the units digit of 1463/57 - b/(-6)?
6
Suppose -2*q + 10 = -5*c - 7*q, -3*c + 3*q + 6 = 0. Suppose c = -28*d + 27*d. What is the hundreds digit of 1 - 516/(d - 3)?
1
Let h = 9211 - 7578. What is the units digit of h?
3
Let h(i) = -i**2 + 14*i + 62. Let p be h(16). What is the tens digit of (1164/10)/(12/p)?
9
Suppose 3*j = 5*v - 172037, 79*j = -4*v + 83*j + 137644. What is the thousands digit of v?
4
Let p = -63062 + 102866. What is the thousands digit of p?
9
Let f(q) = 4*q - 8. Let i(y) = 7*y - 17. Let o(v) = -7*f(v) + 3*i(v). What is the units digit of o(-10)?
5
Suppose 14626 = 12*g - 6794. Let r = g + -891. What is the units digit of r?
4
Let q = -1596 + 5068. Suppose 0 = 5*x - k - q, 2774 = 4*x - 0*k - 2*k. What is the tens digit of x?
9
Suppose -2*c - 1818 = 4*c. Let y = -204 - c. What is the hundreds digit of y/3*(-1 + 6)?
1
Let g(b) = -16*b + 82. Let s be g(5). Suppose 0 = -s*h + 5*p + 841, -28*h = -30*h + 3*p + 843. What is the units digit of h?
3
Suppose -4 = 5*n - 7*n. Suppose 3*s - 15 = -3*z, n*z + s - 5 = 2. Let i(k) = 10*k**3 + 4*k**2 - 3*k - 1. What is the units digit of i(z)?
9
Let z = 9170 - 4336. What is the hundreds digit of z?
8
Let z(w) be the second derivative of -2*w**3 + 33*w**2 + 70*w. What is the tens digit of z(-4)?
1
Suppose 0 = 4*r - 5*b + 36838 - 23, 3*r - b = -27603. What is the tens digit of 48/(-336) - r/14?
5
Let c(u) = 322*u - 65. What is the units digit of c(17)?
9
Suppose -17431 = -25*s + 2294. Suppose -14*q = 4*y - 9*q - s, -2*y + 2*q = -390. What is the hundreds digit of y?
1
Suppose -160 = -4*b + 3*b. Suppose -5*r + b = 7*w - 5*w, -4*w + 320 = 5*r. What is the units digit of w?
0
Let g(m) = 7*m**2 - 12*m - 39. Let x be g(-3). What is the hundreds digit of 119*(-2)/x*-6*10?
2
Let n(d) = 1054*d + 2. Let v(x) = -352*x - 1. Let y(o) = -5*n(o) - 14*v(o). Let c be y(2). Let r = 968 + c. What is the hundreds digit of r?
2
Let l(o) = 7*o**2 - 4*o - 2. Let y = 0 + -5. What is the tens digit of l(y)?
9
Let n = -7 + -12. Let a be 18/(-27) - n/(-3). Let w = a + 58. What is the units digit of w?
1
Let p(j) = -j**2 - j - 381 - 6*j + 388 + 3*j. Let m be p(-5). Suppose -2*o - m*a + 306 = 0, o - 144 = a + a. What is the hundreds digit of o?
1
What is the ten thousands digit of ((-175292)/5 - (-2)/5)*(-815)/1630?
1
Suppose 4*t + 0*t + 27 = p, -3*t = 2*p - 43. Suppose -2*u + 2*w = 24, 4*u + p = 2*w - 29. What is the tens digit of (83 + u)/(3/2)?
4
Let u be -4 + (-40)/(-12) + 2/(-6). Let z be ((-724)/8 - u)*2. What is the tens digit of -1*(z - -1 - -2)?
7
What is the thousands digit of ((-154078)/(-8) - -8) + 2/8?
9
Let i(w) be the third derivative of w**5/60 + 17*w**4/24 + 58*w**3/3 - 181*w**2. What is the tens digit of i(-34)?
9
Let z(j) = -6359*j - 1827. What is the tens digit of z(-4)?
0
What is the hundreds digit of (-5)/1 - (-7284795)/189 - 1/(-9)?
5
Let q be ((-20)/8 - -2)*-4428. Suppose -3*w + 8*v + q = 11*v, 0 = -3*w - 2*v + 2218. What is the hundreds digit of w?
7
Suppose -y - 2 = -5*g - 6, -4*g = -2*y + 8. Suppose -15 = -y*x - x. Suppose 3*d - 330 = h, -x*h + 232 - 1 = 2*d. What is the units digit of d?
1
Let m = 8 + 2. Let r(j) = -6*j + 21*j - 9*j - 24 + j**3 - 9*j + 11*j - 10*j**2. What is the tens digit of r(m)?
5
Let f(d) = d**3 + 42*d**2 - 68*d - 262. What is the hundreds digit of f(-19)?
3
Let c = 31506 + 2000. What is the tens digit of c?
0
Let j = -599 - -2438. What is the thousands digit of j?
1
Suppose c + 45 = -3*r, 4*c + r - 63 + 232 = 0. Let g = 71 + c. Suppose g - 296 = -a. What is the units digit of a?
7
Let h(k) = 3*k**2 - 5*k + 56. Let l be h(6). Let u = 173 - l. What is the units digit of u?
9
Suppose -223638 = -68*m - 61322. What is the hundreds digit of m?
3
Let d be 3*(166/(-3) + 1). What is the units digit of (5 + 2 + d)*(-25)/4?
5
What is the hundreds digit of -2*2 + ((-375)/50)/(5/(-8444))?
6
Let k = -369 - 2170. Let f = -1530 - k. What is the tens digit of f?
0
Let f(c) = -c**2 + 11*c - 26. Suppose -5 = -t + 3. Let a be f(t). What is the units digit of ((-2)/5)/(a/115)?
3
Suppose 3*v + 10 = -n - 0*v, -16 = 2*n + 5*v. Suppose -h - 5*s + 41 = -51, n*h + 2*s = 216. What is the units digit of h?
2
Let f(d) = -130*d - 24*d + 78 - 21 - 64*d. What is the tens digit of f(-4)?
2
Let u be (-5)/((-390)/(-12)) + (-4)/(-26). Suppose 716 = 5*h - 11344. Suppose 12*l - h = -u*l. What is the hundreds digit of l?
2
Let x(c) = 5*c**3 - 3*c**2 - 2*c + 1. Let g be x(3). Let a be 18/(-33) - 2107/(-11). Let t = a - g. What is the units digit of t?
8
Let c(x) be the third derivative of -49*x**6/120 - x**5/15 + x**4/12 + 7*x**3/6 + 18*x**2 + x. What is the thousands digit of c(-3)?
1
Suppose -1241 = -5*t - o, 3*t - 1092 = 2*o - 350. Let z = -170 + t. What is the tens digit of z?
7
Let a be 29*(6/(-2) - -1). Let o be (0 - (-2)/13) + (-12672)/(-104). Let s = o + a. What is the units digit of s?
4
Let j be ((-2)/(-1))/(-7 - 564/(-84)). What is the units digit of j*(-5)/15*282?
8
Suppose -12*u = -11*u - 5453. Suppose l + 3*o = 1185, -3*l + o - 1878 = -u. What is the tens digit of l?
9
Suppose -3*r = 4*w - 3592, 1379 = 5*w + r - 3122. What is the tens digit of w?
0
Let u = 11539 - -16922. What is the hundreds digit of u?
4
Suppose 3*w - 143 + 26 = 0. Let r = w - 117. Let h = 17 - r. What is the units digit of h?
5
Let w(i) = 5424*i**2 + 15*i - 1. What is the thousands digit of w(1)?
5
Let m be -3761 + -4*18/24. What is the units digit of 4/(-36) - m/18?
9
Let m(l) = 9*l**2 - 180*l - 646. What is the ten thousands digit of m(-63)?
4
Suppose 27*s = 21*s + 30. Suppose s*b - 388 = 63*g - 67*g, 0 = 4*g - 4*b - 388. What is the units digit of g?
7
Suppose -4*f = -4*w + 4, -3*f = w - 7*f + 2. Suppose w*s - 1816 = -6*s. Suppose 0 = 2*l - 2, -3*b = -3*l + 2*l - s. What is the tens digit of b?
7
Suppose -c - 145 - 18 = -m, -4*m + 643 = 5*c. Let u = m - 105. What is the units digit of u?
7
Suppose -3*c - 1095 = 3*x, 0 = -x + 2*c - 340 - 40. Let i = -256 - x. What is the tens digit of i?
1
Let y(d) = 1174*d + 1216. What is the units digit of y(18)?
8
Let g = 12217 - 8132. What is the hundreds digit of g?
0
Let w = 15 + -17. Let v be w + 3*(-6)/(-9). Suppose v = 3*u - 4*u - 4*b + 12, -u - 2*b = -10. What is the units digit of u?
8
Let c(y) = -y + 13. Let g be c(18). Let j be (-1)/g + 76/20. Suppose v + 2*a - 328 = -j*v, a = -4*v + 263. What is the tens digit of v?
6
Let j(u) = -138*u + 253*u + 572 - 129*u. What is the hundreds digit of j(0)?
5
Let p be -3 + (2 - -27 - -1). Let o = -41 + p. Let v = 27 + o. What is the tens digit of v?
1
Let m(q) = -q**3 - q**2 - 2*q + 2. Let w be m(3). Let y = w + 40. Suppose -3*n + 6*n - 327 = y. What is the hundreds digit of n?
1
Let q = 14689 - -1881. What is the tens digit of q?
7
Let j(y) = y**3 - 5*y**2 - 3*y + 16. Let m be j(5). What is the hundreds digit of (m + -5)/(-2) + 147 + -1?
1
What is the units digit of ((-10040)/(-70) - -1)*7?
1
Suppose -3*k = -7 - 41. Suppose -k*i = i - 14637. Suppose p = -3*o + 220, -5*o = -3*p - 131 + i. What is the tens digit of p?
3
Suppose 14271*s - 69545 = 14264*s. What is the units digit of s?
5
Let y(f) = -f**3 - 7*f**2 + 2*f + 47. Let b be y(-5). Let a(i) = i**3 + 20*i**2 + 67*i + 17. What is the hundreds digit of a(b)?
3
Let b = -334 + 298. Suppose -5*v - 15 = 6*k - k, -2*k + 10 = 0. What is the units digit of b/v - (-3)/6?
5
What is the tens digit of ((-126954)/8)/(-8*75/1600)?
1
Let b = -12403 + 21544. What is the thousands digit of b?
9
What is the thousands digit of (-32479216)/(-2288) - -2*9/(-39)?
4
Suppose 2*b = -3*z + 4*z - 15, 3*z + 4*b + 5 = 0. Suppose 1443 = 3*w + 3*y, -y = z*w + 951 - 3344. What is the units digit of w?
8
Suppose 0 = -0*y + 5*y - 30. Let n(p) = 31*p - 19. What is the hundreds digit of n(y)?
1
Let j(u) = -u**3 - 3*u**2 - u. Let r be j(-3). Suppose r*x - 26 = -20. Suppose x*w + 2*w = -k + 136, -5*k + 608 = 2*w. What is the units digit of k?
0
Suppose -8*p + 4*w - 999 = -11*p, -1328 = -4*p - 4*w. Let o = 25 + p. What is the tens digit of o?
5
Suppose z + 1 + 12 = 3*y, -y - 2*z = -9. Suppose 1135 = y*p + 3*n, -2*n = -5*p - 90 + 1225. What is the tens digit of p?
2
Suppose r - 53779 = -4*a, 3*a - 135838 = 5*r - 404825. What is the ten thousands digit of r?
5
Suppose 2*x = q - 2